{"id":2292,"date":"2025-02-04T16:24:13","date_gmt":"2025-02-04T15:24:13","guid":{"rendered":"https:\/\/agos-malnoue.micromagic.fr\/?page_id=2292"},"modified":"2025-02-04T16:26:18","modified_gmt":"2025-02-04T15:26:18","slug":"les-locaux-et-les-services","status":"publish","type":"page","link":"https:\/\/agos-malnoue.micromagic.fr\/index.php\/les-locaux-et-les-services\/","title":{"rendered":"Les locaux et les services"},"content":{"rendered":"<p><span class=\"\">Les EHPAD (\u00c9tablissements d&rsquo;H\u00e9bergement pour Personnes \u00c2g\u00e9es D\u00e9pendantes) sont \u00e9quip\u00e9s de divers locaux et mat\u00e9riels pour assurer le confort et la s\u00e9curit\u00e9 des r\u00e9sidents. Voici un aper\u00e7u des principaux \u00e9l\u00e9ments :<\/span><\/p>\n<h2 class=\"hover:duration-80 duration-800 mb-2 mt-6 w-fit cursor-pointer text-lg underline decoration-textOff\/25 decoration-1 underline-offset-[5px] hover:text-super hover:decoration-super\/80 hover:underline-offset-[7px] dark:decoration-textOffDark\/30 dark:hover:text-superDark dark:hover:decoration-superDark\/80 transition-all first:mt-3 motion-reduce:transition-none\" data-state=\"closed\">Locaux<\/h2>\n<p><span class=\"\">Les EHPAD disposent g\u00e9n\u00e9ralement des espaces suivants :<\/span><\/p>\n<ul class=\"marker:text-textOff list-disc pl-8\">\n<li><span class=\"\">Chambres individuelles (60 chambres dans l&rsquo;exemple donn\u00e9)<\/span><\/li>\n<li><span class=\"\">Salle \u00e0 manger commune<\/span><\/li>\n<li><span class=\"\">Salle d&rsquo;animation<\/span><\/li>\n<li><span class=\"\">Biblioth\u00e8que<\/span><\/li>\n<li><span class=\"\">Salle de t\u00e9l\u00e9vision<\/span><\/li>\n<li><span class=\"\">Salon de coiffure<\/span><\/li>\n<li><span class=\"\">Salle de bains Snoezelen (pour la stimulation sensorielle)<\/span><\/li>\n<li><span class=\"\">P\u00f4le d&rsquo;Activit\u00e9 et de Soins Adapt\u00e9s (PASA) comprenant une salle de sport, une salle de repos et une cuisine th\u00e9rapeutique<\/span><\/li>\n<\/ul>\n<h2 class=\"hover:duration-80 duration-800 mb-2 mt-6 w-fit cursor-pointer text-lg underline decoration-textOff\/25 decoration-1 underline-offset-[5px] hover:text-super hover:decoration-super\/80 hover:underline-offset-[7px] dark:decoration-textOffDark\/30 dark:hover:text-superDark dark:hover:decoration-superDark\/80 transition-all first:mt-3 motion-reduce:transition-none\" data-state=\"closed\">\u00c9quipements des chambres<\/h2>\n<p><span class=\"\">Les chambres sont \u00e9quip\u00e9es de :<\/span><\/p>\n<ul class=\"marker:text-textOff list-disc pl-8\">\n<li><span class=\"\">Lit m\u00e9dical \u00e9lectrique<\/span><\/li>\n<li><span class=\"\">Syst\u00e8me d&rsquo;appel malade<\/span><\/li>\n<li><span class=\"\">Table de chevet<\/span><\/li>\n<li><span class=\"\">Salle d&rsquo;eau adapt\u00e9e aux personnes \u00e0 mobilit\u00e9 r\u00e9duite (lavabo, douche, WC)<\/span><\/li>\n<li><span class=\"\">Prise de t\u00e9l\u00e9vision<\/span><\/li>\n<li><span class=\"\">T\u00e9l\u00e9phone (ligne ouverte sur demande)<\/span><\/li>\n<li><span class=\"\">Connexion Wi-Fi (sur demande)<\/span><\/li>\n<\/ul>\n<h2 class=\"hover:duration-80 duration-800 mb-2 mt-6 w-fit cursor-pointer text-lg underline decoration-textOff\/25 decoration-1 underline-offset-[5px] hover:text-super hover:decoration-super\/80 hover:underline-offset-[7px] dark:decoration-textOffDark\/30 dark:hover:text-superDark dark:hover:decoration-superDark\/80 transition-all first:mt-3 motion-reduce:transition-none\" data-state=\"closed\">\u00c9quipements m\u00e9dicaux et technologiques<\/h2>\n<p><span class=\"\">Les EHPAD sont \u00e9galement dot\u00e9s de :<\/span><\/p>\n<ul class=\"marker:text-textOff list-disc pl-8\">\n<li><span class=\"\">Syst\u00e8me de dossier m\u00e9dical \u00e9lectronique<\/span><\/li>\n<li><span class=\"\">Appareils m\u00e9dicaux (tensiom\u00e8tres, bouteilles d&rsquo;oxyg\u00e8ne, etc.)<\/span><\/li>\n<li><span class=\"\">Syst\u00e8me d&rsquo;appel d&rsquo;urgence et de t\u00e9l\u00e9assistance<\/span><\/li>\n<li><span class=\"\">Syst\u00e8me de s\u00e9curit\u00e9 (cam\u00e9ras, contr\u00f4le d&rsquo;acc\u00e8s)<\/span><\/li>\n<\/ul>\n<h2 class=\"hover:duration-80 duration-800 mb-2 mt-6 w-fit cursor-pointer text-lg underline decoration-textOff\/25 decoration-1 underline-offset-[5px] hover:text-super hover:decoration-super\/80 hover:underline-offset-[7px] dark:decoration-textOffDark\/30 dark:hover:text-superDark dark:hover:decoration-superDark\/80 transition-all first:mt-3 motion-reduce:transition-none\" data-state=\"closed\">Mat\u00e9riel de cuisine<\/h2>\n<p><span class=\"\">La cuisine professionnelle d&rsquo;un EHPAD comprend g\u00e9n\u00e9ralement :<\/span><\/p>\n<ul class=\"marker:text-textOff list-disc pl-8\">\n<li><span class=\"\">\u00c9quipement de cuisson (four, plaques de cuisson, salamandre, cuiseur vapeur, bain-marie, friteuse)<\/span><\/li>\n<li><span class=\"\">Robot multifonction<\/span><\/li>\n<li><span class=\"\">Batterie de cuisine en acier inoxydable<\/span><\/li>\n<li><span class=\"\">Centrifugeuse<\/span><\/li>\n<li><span class=\"\">Robot trancheur de pain<\/span><\/li>\n<li><span class=\"\">Mat\u00e9riel de laverie (lave-mains, lave-vaisselle, lave-verres)<\/span><\/li>\n<\/ul>\n<p><span class=\"\">Il est important de noter que l&rsquo;am\u00e9nagement et l&rsquo;\u00e9quipement des EHPAD sont con\u00e7us pour favoriser l&rsquo;autonomie des r\u00e9sidents tout en assurant leur s\u00e9curit\u00e9 et leur confort.<\/span><\/p>\n","protected":false},"excerpt":{"rendered":"<p>Les EHPAD (\u00c9tablissements d&rsquo;H\u00e9bergement pour Personnes \u00c2g\u00e9es D\u00e9pendantes) sont \u00e9quip\u00e9s de divers locaux et mat\u00e9riels pour assurer le confort et la s\u00e9curit\u00e9 des r\u00e9sidents. Voici un aper\u00e7u des principaux \u00e9l\u00e9ments : Locaux Les EHPAD disposent g\u00e9n\u00e9ralement des espaces suivants : Chambres individuelles (60 chambres dans l&rsquo;exemple donn\u00e9) Salle \u00e0 manger commune Salle d&rsquo;animation Biblioth\u00e8que Salle&hellip;<\/p>\n","protected":false},"author":2,"featured_media":0,"parent":0,"menu_order":0,"comment_status":"closed","ping_status":"closed","template":"","meta":{"footnotes":""},"class_list":["post-2292","page","type-page","status-publish","hentry","description-off"],"_links":{"self":[{"href":"https:\/\/agos-malnoue.micromagic.fr\/index.php\/wp-json\/wp\/v2\/pages\/2292","targetHints":{"allow":["GET"]}}],"collection":[{"href":"https:\/\/agos-malnoue.micromagic.fr\/index.php\/wp-json\/wp\/v2\/pages"}],"about":[{"href":"https:\/\/agos-malnoue.micromagic.fr\/index.php\/wp-json\/wp\/v2\/types\/page"}],"author":[{"embeddable":true,"href":"https:\/\/agos-malnoue.micromagic.fr\/index.php\/wp-json\/wp\/v2\/users\/2"}],"replies":[{"embeddable":true,"href":"https:\/\/agos-malnoue.micromagic.fr\/index.php\/wp-json\/wp\/v2\/comments?post=2292"}],"version-history":[{"count":2,"href":"https:\/\/agos-malnoue.micromagic.fr\/index.php\/wp-json\/wp\/v2\/pages\/2292\/revisions"}],"predecessor-version":[{"id":2295,"href":"https:\/\/agos-malnoue.micromagic.fr\/index.php\/wp-json\/wp\/v2\/pages\/2292\/revisions\/2295"}],"wp:attachment":[{"href":"https:\/\/agos-malnoue.micromagic.fr\/index.php\/wp-json\/wp\/v2\/media?parent=2292"}],"curies":[{"name":"wp","href":"https:\/\/api.w.org\/{rel}","templated":true}]}}